{"id":94,"date":"2025-12-07T08:08:37","date_gmt":"2025-12-07T08:08:37","guid":{"rendered":"https:\/\/cardis.se\/?page_id=94"},"modified":"2025-12-11T06:59:03","modified_gmt":"2025-12-11T06:59:03","slug":"forskargruppen","status":"publish","type":"page","link":"https:\/\/cardis.se\/?page_id=94","title":{"rendered":"Forskargruppen"},"content":{"rendered":"\n<div class=\"wp-block-columns is-layout-flex wp-container-core-columns-is-layout-28f84493 wp-block-columns-is-layout-flex\">\n<div class=\"wp-block-column is-layout-flow wp-block-column-is-layout-flow\">\n<figure class=\"wp-block-image size-full is-resized\"><img loading=\"lazy\" decoding=\"async\" width=\"338\" height=\"403\" src=\"https:\/\/cardis.se\/wp-content\/uploads\/2025\/12\/Skarmbild-2025-12-08-161533-2.png\" alt=\"\" class=\"wp-image-327\" style=\"width:338px;height:auto\" srcset=\"https:\/\/cardis.se\/wp-content\/uploads\/2025\/12\/Skarmbild-2025-12-08-161533-2.png 338w, https:\/\/cardis.se\/wp-content\/uploads\/2025\/12\/Skarmbild-2025-12-08-161533-2-252x300.png 252w\" sizes=\"auto, (max-width: 338px) 100vw, 338px\" \/><\/figure>\n\n\n\n<h2 class=\"wp-block-heading has-text-align-center\">Ingela Thyl\u00e9n<\/h2>\n\n\n\n<p class=\"has-text-align-center\"><strong>Legitimerad sjuksk\u00f6terska, bitr\u00e4dande professor (projektansvarig forskare)<\/strong><\/p>\n<\/div>\n\n\n\n<div class=\"wp-block-column is-layout-flow wp-block-column-is-layout-flow\">\n<figure class=\"wp-block-image size-full\"><img loading=\"lazy\" decoding=\"async\" width=\"335\" height=\"396\" src=\"https:\/\/cardis.se\/wp-content\/uploads\/2025\/12\/Skarmbild-2025-12-08-161554-2.png\" alt=\"\" class=\"wp-image-325\" srcset=\"https:\/\/cardis.se\/wp-content\/uploads\/2025\/12\/Skarmbild-2025-12-08-161554-2.png 335w, https:\/\/cardis.se\/wp-content\/uploads\/2025\/12\/Skarmbild-2025-12-08-161554-2-254x300.png 254w\" sizes=\"auto, (max-width: 335px) 100vw, 335px\" \/><\/figure>\n\n\n\n<h2 class=\"wp-block-heading has-text-align-center\">Annette Waldemar<\/h2>\n\n\n\n<p class=\"has-text-align-center\"><strong>Legitimerad specialistsjuksk\u00f6terska hj\u00e4rtsjukv\u00e5rd, medicine doktor (forskare)<\/strong><\/p>\n<\/div>\n\n\n\n<div class=\"wp-block-column is-layout-flow wp-block-column-is-layout-flow\">\n<figure class=\"wp-block-image size-full\"><img loading=\"lazy\" decoding=\"async\" width=\"337\" height=\"401\" src=\"https:\/\/cardis.se\/wp-content\/uploads\/2025\/12\/Skarmbild-2025-12-08-161609-3.png\" alt=\"\" class=\"wp-image-336\" srcset=\"https:\/\/cardis.se\/wp-content\/uploads\/2025\/12\/Skarmbild-2025-12-08-161609-3.png 337w, https:\/\/cardis.se\/wp-content\/uploads\/2025\/12\/Skarmbild-2025-12-08-161609-3-252x300.png 252w\" sizes=\"auto, (max-width: 337px) 100vw, 337px\" \/><\/figure>\n\n\n\n<h2 class=\"wp-block-heading has-text-align-center\">Johan Israelsson<\/h2>\n\n\n\n<p class=\"has-text-align-center\"><strong>Legitimerad sjuksk\u00f6terska, medicine doktor (forskare)<\/strong><\/p>\n<\/div>\n<\/div>\n\n\n\n<div class=\"wp-block-columns is-layout-flex wp-container-core-columns-is-layout-28f84493 wp-block-columns-is-layout-flex\">\n<div class=\"wp-block-column is-layout-flow wp-block-column-is-layout-flow\">\n<figure class=\"wp-block-image size-full\"><img loading=\"lazy\" decoding=\"async\" width=\"348\" height=\"417\" src=\"https:\/\/cardis.se\/wp-content\/uploads\/2025\/12\/Skarmbild-2025-12-08-161627-3.png\" alt=\"\" class=\"wp-image-330\" srcset=\"https:\/\/cardis.se\/wp-content\/uploads\/2025\/12\/Skarmbild-2025-12-08-161627-3.png 348w, https:\/\/cardis.se\/wp-content\/uploads\/2025\/12\/Skarmbild-2025-12-08-161627-3-250x300.png 250w\" sizes=\"auto, (max-width: 348px) 100vw, 348px\" \/><\/figure>\n\n\n\n<h2 class=\"wp-block-heading has-text-align-center\">Anders Bremer<\/h2>\n\n\n\n<p class=\"has-text-align-center\"><strong>Legitimerad specialistsjuksk\u00f6terska ambulanssjukv\u00e5rd, professor (forskare)<\/strong><\/p>\n\n\n\n<blockquote class=\"wp-block-quote is-layout-flow wp-block-quote-is-layout-flow\">\n<p><\/p>\n<\/blockquote>\n\n\n\n<blockquote class=\"wp-block-quote is-layout-flow wp-block-quote-is-layout-flow\">\n<div class=\"wp-block-columns is-layout-flex wp-container-core-columns-is-layout-28f84493 wp-block-columns-is-layout-flex\">\n<div class=\"wp-block-column is-layout-flow wp-block-column-is-layout-flow\">\n<blockquote class=\"wp-block-quote is-layout-flow wp-block-quote-is-layout-flow\">\n<p><\/p>\n<\/blockquote>\n<\/div>\n<\/div>\n<\/blockquote>\n<\/div>\n\n\n\n<div class=\"wp-block-column is-layout-flow wp-block-column-is-layout-flow\">\n<figure class=\"wp-block-image size-full is-resized\"><img loading=\"lazy\" decoding=\"async\" width=\"342\" height=\"417\" src=\"https:\/\/cardis.se\/wp-content\/uploads\/2025\/12\/Skarmbild-2025-12-08-161639-2.png\" alt=\"\" class=\"wp-image-329\" style=\"width:343px;height:auto\" srcset=\"https:\/\/cardis.se\/wp-content\/uploads\/2025\/12\/Skarmbild-2025-12-08-161639-2.png 342w, https:\/\/cardis.se\/wp-content\/uploads\/2025\/12\/Skarmbild-2025-12-08-161639-2-246x300.png 246w\" sizes=\"auto, (max-width: 342px) 100vw, 342px\" \/><\/figure>\n\n\n\n<h2 class=\"wp-block-heading has-text-align-center\">Kristofer \u00c5restedt<\/h2>\n\n\n\n<p class=\"has-text-align-center\"><strong>Legitimerad specialistsjuksk\u00f6terska intensivv\u00e5rd, professor (forskare)<\/strong><\/p>\n\n\n\n<blockquote class=\"wp-block-quote is-layout-flow wp-block-quote-is-layout-flow\">\n<blockquote class=\"wp-block-quote is-layout-flow wp-block-quote-is-layout-flow\">\n<p><\/p>\n<\/blockquote>\n<\/blockquote>\n<\/div>\n\n\n\n<div class=\"wp-block-column is-layout-flow wp-block-column-is-layout-flow\"><\/div>\n<\/div>\n\n\n\n<p><\/p>\n\n\n\n<h3 class=\"wp-block-heading\">Medverkande forskare<\/h3>\n\n\n\n<figure class=\"wp-block-table\"><table class=\"has-fixed-layout\"><tbody><tr><td><strong>Katarina Heimburg<br><\/strong>legitimerad specialistfysioterapeut och medicine doktor (forskare) vid Lunds universitet<\/td><td><strong>Erik Blennow Nordstr\u00f6m<br><\/strong>legitimerad psykolog och medicine doktor (forskare) vid Lunds universitet<\/td><td><strong>Gisela Lilja<br><\/strong>legitimerad arbetsterapeut och docent (forskare) vid Lunds universitet<\/td><td><strong>Per Nordberg<\/strong><br>\u00f6verl\u00e4kare inom hj\u00e4rtsjukv\u00e5rd och docent (forskare) vid Karolinska Institutet<\/td><\/tr><\/tbody><\/table><\/figure>\n\n\n\n<p><\/p>\n","protected":false},"excerpt":{"rendered":"<p>Ingela Thyl\u00e9n Legitimerad sjuksk\u00f6terska, bitr\u00e4dande professor (projektansvarig forskare) Annette Waldemar Legitimerad specialistsjuksk\u00f6terska hj\u00e4rtsjukv\u00e5rd, medicine doktor (forskare) Johan Israelsson Legitimerad sjuksk\u00f6terska, medicine doktor (forskare) Anders Bremer&hellip;<\/p>\n","protected":false},"author":1,"featured_media":0,"parent":0,"menu_order":0,"comment_status":"closed","ping_status":"closed","template":"","meta":{"footnotes":""},"class_list":["post-94","page","type-page","status-publish","hentry"],"yoast_head":"<!-- This site is optimized with the Yoast SEO plugin v26.5 - https:\/\/yoast.com\/wordpress\/plugins\/seo\/ -->\n<title>Forskargruppen - CARDIS-Studien<\/title>\n<meta name=\"robots\" content=\"index, follow, max-snippet:-1, max-image-preview:large, max-video-preview:-1\" \/>\n<link rel=\"canonical\" href=\"https:\/\/cardis.se\/?page_id=94\" \/>\n<meta property=\"og:locale\" content=\"sv_SE\" \/>\n<meta property=\"og:type\" content=\"article\" \/>\n<meta property=\"og:title\" content=\"Forskargruppen - CARDIS-Studien\" \/>\n<meta property=\"og:description\" content=\"Ingela Thyl\u00e9n Legitimerad sjuksk\u00f6terska, bitr\u00e4dande professor (projektansvarig forskare) Annette Waldemar Legitimerad specialistsjuksk\u00f6terska hj\u00e4rtsjukv\u00e5rd, medicine doktor (forskare) Johan Israelsson Legitimerad sjuksk\u00f6terska, medicine doktor (forskare) Anders Bremer&hellip;\" \/>\n<meta property=\"og:url\" content=\"https:\/\/cardis.se\/?page_id=94\" \/>\n<meta property=\"og:site_name\" content=\"CARDIS-Studien\" \/>\n<meta property=\"article:modified_time\" content=\"2025-12-11T06:59:03+00:00\" \/>\n<meta property=\"og:image\" content=\"https:\/\/cardis.se\/wp-content\/uploads\/2025\/12\/Skarmbild-2025-12-08-161533-2.png\" \/>\n\t<meta property=\"og:image:width\" content=\"338\" \/>\n\t<meta property=\"og:image:height\" content=\"403\" \/>\n\t<meta property=\"og:image:type\" content=\"image\/png\" \/>\n<meta name=\"twitter:card\" content=\"summary_large_image\" \/>\n<meta name=\"twitter:label1\" content=\"Ber\u00e4knad l\u00e4stid\" \/>\n\t<meta name=\"twitter:data1\" content=\"2 minuter\" \/>\n<script type=\"application\/ld+json\" class=\"yoast-schema-graph\">{\"@context\":\"https:\/\/schema.org\",\"@graph\":[{\"@type\":\"WebPage\",\"@id\":\"https:\/\/cardis.se\/?page_id=94\",\"url\":\"https:\/\/cardis.se\/?page_id=94\",\"name\":\"Forskargruppen - CARDIS-Studien\",\"isPartOf\":{\"@id\":\"https:\/\/cardis.se\/#website\"},\"primaryImageOfPage\":{\"@id\":\"https:\/\/cardis.se\/?page_id=94#primaryimage\"},\"image\":{\"@id\":\"https:\/\/cardis.se\/?page_id=94#primaryimage\"},\"thumbnailUrl\":\"https:\/\/cardis.se\/wp-content\/uploads\/2025\/12\/Skarmbild-2025-12-08-161533-2.png\",\"datePublished\":\"2025-12-07T08:08:37+00:00\",\"dateModified\":\"2025-12-11T06:59:03+00:00\",\"breadcrumb\":{\"@id\":\"https:\/\/cardis.se\/?page_id=94#breadcrumb\"},\"inLanguage\":\"sv-SE\",\"potentialAction\":[{\"@type\":\"ReadAction\",\"target\":[\"https:\/\/cardis.se\/?page_id=94\"]}]},{\"@type\":\"ImageObject\",\"inLanguage\":\"sv-SE\",\"@id\":\"https:\/\/cardis.se\/?page_id=94#primaryimage\",\"url\":\"https:\/\/cardis.se\/wp-content\/uploads\/2025\/12\/Skarmbild-2025-12-08-161533-2.png\",\"contentUrl\":\"https:\/\/cardis.se\/wp-content\/uploads\/2025\/12\/Skarmbild-2025-12-08-161533-2.png\",\"width\":338,\"height\":403},{\"@type\":\"BreadcrumbList\",\"@id\":\"https:\/\/cardis.se\/?page_id=94#breadcrumb\",\"itemListElement\":[{\"@type\":\"ListItem\",\"position\":1,\"name\":\"Hem\",\"item\":\"https:\/\/cardis.se\/\"},{\"@type\":\"ListItem\",\"position\":2,\"name\":\"Forskargruppen\"}]},{\"@type\":\"WebSite\",\"@id\":\"https:\/\/cardis.se\/#website\",\"url\":\"https:\/\/cardis.se\/\",\"name\":\"CARDIS Studien\",\"description\":\"Vi hj\u00e4lper Hj\u00e4rtstopps\u00f6verlevare till ett b\u00e4ttre liv\",\"publisher\":{\"@id\":\"https:\/\/cardis.se\/#organization\"},\"potentialAction\":[{\"@type\":\"SearchAction\",\"target\":{\"@type\":\"EntryPoint\",\"urlTemplate\":\"https:\/\/cardis.se\/?s={search_term_string}\"},\"query-input\":{\"@type\":\"PropertyValueSpecification\",\"valueRequired\":true,\"valueName\":\"search_term_string\"}}],\"inLanguage\":\"sv-SE\"},{\"@type\":\"Organization\",\"@id\":\"https:\/\/cardis.se\/#organization\",\"name\":\"CARDIS Studien\",\"url\":\"https:\/\/cardis.se\/\",\"logo\":{\"@type\":\"ImageObject\",\"inLanguage\":\"sv-SE\",\"@id\":\"https:\/\/cardis.se\/#\/schema\/logo\/image\/\",\"url\":\"https:\/\/cardis.se\/wp-content\/uploads\/2025\/11\/Cardis-logga-bild-komprimerad-3.png\",\"contentUrl\":\"https:\/\/cardis.se\/wp-content\/uploads\/2025\/11\/Cardis-logga-bild-komprimerad-3.png\",\"width\":279,\"height\":243,\"caption\":\"CARDIS Studien\"},\"image\":{\"@id\":\"https:\/\/cardis.se\/#\/schema\/logo\/image\/\"}}]}<\/script>\n<!-- \/ Yoast SEO plugin. -->","yoast_head_json":{"title":"Forskargruppen - CARDIS-Studien","robots":{"index":"index","follow":"follow","max-snippet":"max-snippet:-1","max-image-preview":"max-image-preview:large","max-video-preview":"max-video-preview:-1"},"canonical":"https:\/\/cardis.se\/?page_id=94","og_locale":"sv_SE","og_type":"article","og_title":"Forskargruppen - CARDIS-Studien","og_description":"Ingela Thyl\u00e9n Legitimerad sjuksk\u00f6terska, bitr\u00e4dande professor (projektansvarig forskare) Annette Waldemar Legitimerad specialistsjuksk\u00f6terska hj\u00e4rtsjukv\u00e5rd, medicine doktor (forskare) Johan Israelsson Legitimerad sjuksk\u00f6terska, medicine doktor (forskare) Anders Bremer&hellip;","og_url":"https:\/\/cardis.se\/?page_id=94","og_site_name":"CARDIS-Studien","article_modified_time":"2025-12-11T06:59:03+00:00","og_image":[{"width":338,"height":403,"url":"https:\/\/cardis.se\/wp-content\/uploads\/2025\/12\/Skarmbild-2025-12-08-161533-2.png","type":"image\/png"}],"twitter_card":"summary_large_image","twitter_misc":{"Ber\u00e4knad l\u00e4stid":"2 minuter"},"schema":{"@context":"https:\/\/schema.org","@graph":[{"@type":"WebPage","@id":"https:\/\/cardis.se\/?page_id=94","url":"https:\/\/cardis.se\/?page_id=94","name":"Forskargruppen - CARDIS-Studien","isPartOf":{"@id":"https:\/\/cardis.se\/#website"},"primaryImageOfPage":{"@id":"https:\/\/cardis.se\/?page_id=94#primaryimage"},"image":{"@id":"https:\/\/cardis.se\/?page_id=94#primaryimage"},"thumbnailUrl":"https:\/\/cardis.se\/wp-content\/uploads\/2025\/12\/Skarmbild-2025-12-08-161533-2.png","datePublished":"2025-12-07T08:08:37+00:00","dateModified":"2025-12-11T06:59:03+00:00","breadcrumb":{"@id":"https:\/\/cardis.se\/?page_id=94#breadcrumb"},"inLanguage":"sv-SE","potentialAction":[{"@type":"ReadAction","target":["https:\/\/cardis.se\/?page_id=94"]}]},{"@type":"ImageObject","inLanguage":"sv-SE","@id":"https:\/\/cardis.se\/?page_id=94#primaryimage","url":"https:\/\/cardis.se\/wp-content\/uploads\/2025\/12\/Skarmbild-2025-12-08-161533-2.png","contentUrl":"https:\/\/cardis.se\/wp-content\/uploads\/2025\/12\/Skarmbild-2025-12-08-161533-2.png","width":338,"height":403},{"@type":"BreadcrumbList","@id":"https:\/\/cardis.se\/?page_id=94#breadcrumb","itemListElement":[{"@type":"ListItem","position":1,"name":"Hem","item":"https:\/\/cardis.se\/"},{"@type":"ListItem","position":2,"name":"Forskargruppen"}]},{"@type":"WebSite","@id":"https:\/\/cardis.se\/#website","url":"https:\/\/cardis.se\/","name":"CARDIS Studien","description":"Vi hj\u00e4lper Hj\u00e4rtstopps\u00f6verlevare till ett b\u00e4ttre liv","publisher":{"@id":"https:\/\/cardis.se\/#organization"},"potentialAction":[{"@type":"SearchAction","target":{"@type":"EntryPoint","urlTemplate":"https:\/\/cardis.se\/?s={search_term_string}"},"query-input":{"@type":"PropertyValueSpecification","valueRequired":true,"valueName":"search_term_string"}}],"inLanguage":"sv-SE"},{"@type":"Organization","@id":"https:\/\/cardis.se\/#organization","name":"CARDIS Studien","url":"https:\/\/cardis.se\/","logo":{"@type":"ImageObject","inLanguage":"sv-SE","@id":"https:\/\/cardis.se\/#\/schema\/logo\/image\/","url":"https:\/\/cardis.se\/wp-content\/uploads\/2025\/11\/Cardis-logga-bild-komprimerad-3.png","contentUrl":"https:\/\/cardis.se\/wp-content\/uploads\/2025\/11\/Cardis-logga-bild-komprimerad-3.png","width":279,"height":243,"caption":"CARDIS Studien"},"image":{"@id":"https:\/\/cardis.se\/#\/schema\/logo\/image\/"}}]}},"_links":{"self":[{"href":"https:\/\/cardis.se\/index.php?rest_route=\/wp\/v2\/pages\/94","targetHints":{"allow":["GET"]}}],"collection":[{"href":"https:\/\/cardis.se\/index.php?rest_route=\/wp\/v2\/pages"}],"about":[{"href":"https:\/\/cardis.se\/index.php?rest_route=\/wp\/v2\/types\/page"}],"author":[{"embeddable":true,"href":"https:\/\/cardis.se\/index.php?rest_route=\/wp\/v2\/users\/1"}],"replies":[{"embeddable":true,"href":"https:\/\/cardis.se\/index.php?rest_route=%2Fwp%2Fv2%2Fcomments&post=94"}],"version-history":[{"count":16,"href":"https:\/\/cardis.se\/index.php?rest_route=\/wp\/v2\/pages\/94\/revisions"}],"predecessor-version":[{"id":375,"href":"https:\/\/cardis.se\/index.php?rest_route=\/wp\/v2\/pages\/94\/revisions\/375"}],"wp:attachment":[{"href":"https:\/\/cardis.se\/index.php?rest_route=%2Fwp%2Fv2%2Fmedia&parent=94"}],"curies":[{"name":"wp","href":"https:\/\/api.w.org\/{rel}","templated":true}]}}