{"id":111,"date":"2025-12-07T09:14:55","date_gmt":"2025-12-07T09:14:55","guid":{"rendered":"https:\/\/cardis.se\/?page_id=111"},"modified":"2025-12-11T06:59:34","modified_gmt":"2025-12-11T06:59:34","slug":"aktuella-handelser","status":"publish","type":"page","link":"https:\/\/cardis.se\/?page_id=111","title":{"rendered":"Nyheter"},"content":{"rendered":"\n<div class=\"wp-block-group alignfull has-global-padding is-layout-constrained wp-container-core-group-is-layout-72f47186 wp-block-group-is-layout-constrained\" style=\"margin-top:0;margin-bottom:0;padding-top:var(--wp--preset--spacing--superbspacing-medium);padding-right:var(--wp--preset--spacing--superbspacing-small);padding-bottom:var(--wp--preset--spacing--superbspacing-medium);padding-left:var(--wp--preset--spacing--superbspacing-small)\">\n<div class=\"wp-block-columns alignwide is-layout-flex wp-container-core-columns-is-layout-28f84493 wp-block-columns-is-layout-flex\">\n<div class=\"wp-block-column has-border-color has-mono-3-border-color is-layout-flow wp-block-column-is-layout-flow\" style=\"border-width:1px;padding-top:var(--wp--preset--spacing--superbspacing-xsmall);padding-right:var(--wp--preset--spacing--superbspacing-xsmall);padding-bottom:var(--wp--preset--spacing--superbspacing-xsmall);padding-left:var(--wp--preset--spacing--superbspacing-xsmall)\">\n<p class=\"has-text-align-center\"><strong>Oktober 2025<\/strong><\/p>\n\n\n\n<figure class=\"wp-block-image size-full\"><img loading=\"lazy\" decoding=\"async\" width=\"1134\" height=\"439\" src=\"https:\/\/cardis.se\/wp-content\/uploads\/2025\/12\/ERC-liggande.jpg\" alt=\"\" class=\"wp-image-115\" srcset=\"https:\/\/cardis.se\/wp-content\/uploads\/2025\/12\/ERC-liggande.jpg 1134w, https:\/\/cardis.se\/wp-content\/uploads\/2025\/12\/ERC-liggande-300x116.jpg 300w, https:\/\/cardis.se\/wp-content\/uploads\/2025\/12\/ERC-liggande-1024x396.jpg 1024w, https:\/\/cardis.se\/wp-content\/uploads\/2025\/12\/ERC-liggande-768x297.jpg 768w\" sizes=\"auto, (max-width: 1134px) 100vw, 1134px\" \/><\/figure>\n\n\n\n<p><\/p>\n\n\n\n<h3 class=\"wp-block-heading has-text-align-center has-superbfont-medium-font-size\" style=\"margin-top:0;margin-bottom:0\"><strong>European Resuscitation Council Congress 2025<\/strong><\/h3>\n\n\n\n<p class=\"has-mono-2-color has-text-color has-superbfont-xsmall-font-size\" style=\"margin-top:var(--wp--preset--spacing--superbspacing-xxsmall);margin-bottom:0\"><strong>Studien presenterades   av Annette Waldemar fr\u00e5n forskargruppen.<\/strong><\/p>\n<\/div>\n\n\n\n<div class=\"wp-block-column has-border-color has-mono-3-border-color is-layout-flow wp-block-column-is-layout-flow\" style=\"border-width:1px;padding-top:var(--wp--preset--spacing--superbspacing-xsmall);padding-right:var(--wp--preset--spacing--superbspacing-xsmall);padding-bottom:var(--wp--preset--spacing--superbspacing-xsmall);padding-left:var(--wp--preset--spacing--superbspacing-xsmall)\">\n<p class=\"has-text-align-center\"><strong>November 2025<\/strong><\/p>\n\n\n\n<figure class=\"wp-block-image size-full\"><img loading=\"lazy\" decoding=\"async\" width=\"2288\" height=\"407\" src=\"https:\/\/cardis.se\/wp-content\/uploads\/2025\/12\/Bild-process-pilotstudien.png\" alt=\"\" class=\"wp-image-116\" style=\"aspect-ratio:5.6218192453933895\" srcset=\"https:\/\/cardis.se\/wp-content\/uploads\/2025\/12\/Bild-process-pilotstudien.png 2288w, https:\/\/cardis.se\/wp-content\/uploads\/2025\/12\/Bild-process-pilotstudien-300x53.png 300w, https:\/\/cardis.se\/wp-content\/uploads\/2025\/12\/Bild-process-pilotstudien-1024x182.png 1024w, https:\/\/cardis.se\/wp-content\/uploads\/2025\/12\/Bild-process-pilotstudien-768x137.png 768w, https:\/\/cardis.se\/wp-content\/uploads\/2025\/12\/Bild-process-pilotstudien-1536x273.png 1536w, https:\/\/cardis.se\/wp-content\/uploads\/2025\/12\/Bild-process-pilotstudien-2048x364.png 2048w\" sizes=\"auto, (max-width: 2288px) 100vw, 2288px\" \/><\/figure>\n\n\n\n<p><\/p>\n\n\n\n<h3 class=\"wp-block-heading has-text-align-center has-superbfont-medium-font-size\" style=\"margin-top:0;margin-bottom:0\">Pilotstudien<\/h3>\n\n\n\n<p class=\"has-mono-2-color has-text-color has-superbfont-xsmall-font-size\" style=\"margin-top:var(--wp--preset--spacing--superbspacing-xxsmall);margin-bottom:0\"><strong>Pilotstudien med 10 deltagare genomf\u00f6rs i Region \u00d6sterg\u00f6tland. Inklusionsstart november 2025, avslut juni 2026.<\/strong><\/p>\n<\/div>\n\n\n\n<div class=\"wp-block-column has-border-color has-mono-3-border-color is-layout-flow wp-block-column-is-layout-flow\" style=\"border-width:1px;padding-top:var(--wp--preset--spacing--superbspacing-xsmall);padding-right:var(--wp--preset--spacing--superbspacing-xsmall);padding-bottom:var(--wp--preset--spacing--superbspacing-xsmall);padding-left:var(--wp--preset--spacing--superbspacing-xsmall)\">\n<p class=\"has-text-align-center\"><strong>September 2026<\/strong><\/p>\n\n\n\n<figure class=\"wp-block-image aligncenter size-full is-resized\"><img loading=\"lazy\" decoding=\"async\" width=\"279\" height=\"243\" src=\"https:\/\/cardis.se\/wp-content\/uploads\/2025\/12\/Cardis-logga-bild-komprimerad-3.png\" alt=\"\" class=\"wp-image-117\" style=\"width:156px;height:auto\"\/><\/figure>\n\n\n\n<h3 class=\"wp-block-heading has-text-align-center has-superbfont-medium-font-size\" style=\"margin-top:0;margin-bottom:0\">Randomiserad kontrollerad studie (RCT). <\/h3>\n\n\n\n<p class=\"has-mono-2-color has-text-color has-superbfont-xsmall-font-size\" style=\"margin-top:var(--wp--preset--spacing--superbspacing-xxsmall);margin-bottom:0\"><strong>Start september 2026 och p\u00e5g\u00e5r under tv\u00e5 \u00e5r med inklusion fr\u00e5n sex olika regioner. Totalt kommer 120 patienter att randomiseras till antingen interventions- eller kontrollgrupp. <\/strong><\/p>\n<\/div>\n<\/div>\n<\/div>\n\n\n\n<div class=\"wp-block-group alignfull is-layout-flow wp-block-group-is-layout-flow\"><\/div>\n\n\n\n<p><\/p>\n","protected":false},"excerpt":{"rendered":"<p>Oktober 2025 European Resuscitation Council Congress 2025 Studien presenterades av Annette Waldemar fr\u00e5n forskargruppen. November 2025 Pilotstudien Pilotstudien med 10 deltagare genomf\u00f6rs i Region \u00d6sterg\u00f6tland.&hellip;<\/p>\n","protected":false},"author":1,"featured_media":0,"parent":0,"menu_order":0,"comment_status":"closed","ping_status":"closed","template":"","meta":{"footnotes":""},"class_list":["post-111","page","type-page","status-publish","hentry"],"yoast_head":"<!-- This site is optimized with the Yoast SEO plugin v26.5 - https:\/\/yoast.com\/wordpress\/plugins\/seo\/ -->\n<title>Nyheter - CARDIS-Studien<\/title>\n<meta name=\"robots\" content=\"index, follow, max-snippet:-1, max-image-preview:large, max-video-preview:-1\" \/>\n<link rel=\"canonical\" href=\"https:\/\/cardis.se\/?page_id=111\" \/>\n<meta property=\"og:locale\" content=\"sv_SE\" \/>\n<meta property=\"og:type\" content=\"article\" \/>\n<meta property=\"og:title\" content=\"Nyheter - CARDIS-Studien\" \/>\n<meta property=\"og:description\" content=\"Oktober 2025 European Resuscitation Council Congress 2025 Studien presenterades av Annette Waldemar fr\u00e5n forskargruppen. November 2025 Pilotstudien Pilotstudien med 10 deltagare genomf\u00f6rs i Region \u00d6sterg\u00f6tland.&hellip;\" \/>\n<meta property=\"og:url\" content=\"https:\/\/cardis.se\/?page_id=111\" \/>\n<meta property=\"og:site_name\" content=\"CARDIS-Studien\" \/>\n<meta property=\"article:modified_time\" content=\"2025-12-11T06:59:34+00:00\" \/>\n<meta property=\"og:image\" content=\"https:\/\/cardis.se\/wp-content\/uploads\/2025\/12\/ERC-liggande.jpg\" \/>\n\t<meta property=\"og:image:width\" content=\"1134\" \/>\n\t<meta property=\"og:image:height\" content=\"439\" \/>\n\t<meta property=\"og:image:type\" content=\"image\/jpeg\" \/>\n<meta name=\"twitter:card\" content=\"summary_large_image\" \/>\n<meta name=\"twitter:label1\" content=\"Ber\u00e4knad l\u00e4stid\" \/>\n\t<meta name=\"twitter:data1\" content=\"1 minut\" \/>\n<script type=\"application\/ld+json\" class=\"yoast-schema-graph\">{\"@context\":\"https:\/\/schema.org\",\"@graph\":[{\"@type\":\"WebPage\",\"@id\":\"https:\/\/cardis.se\/?page_id=111\",\"url\":\"https:\/\/cardis.se\/?page_id=111\",\"name\":\"Nyheter - CARDIS-Studien\",\"isPartOf\":{\"@id\":\"https:\/\/cardis.se\/#website\"},\"primaryImageOfPage\":{\"@id\":\"https:\/\/cardis.se\/?page_id=111#primaryimage\"},\"image\":{\"@id\":\"https:\/\/cardis.se\/?page_id=111#primaryimage\"},\"thumbnailUrl\":\"https:\/\/cardis.se\/wp-content\/uploads\/2025\/12\/ERC-liggande.jpg\",\"datePublished\":\"2025-12-07T09:14:55+00:00\",\"dateModified\":\"2025-12-11T06:59:34+00:00\",\"breadcrumb\":{\"@id\":\"https:\/\/cardis.se\/?page_id=111#breadcrumb\"},\"inLanguage\":\"sv-SE\",\"potentialAction\":[{\"@type\":\"ReadAction\",\"target\":[\"https:\/\/cardis.se\/?page_id=111\"]}]},{\"@type\":\"ImageObject\",\"inLanguage\":\"sv-SE\",\"@id\":\"https:\/\/cardis.se\/?page_id=111#primaryimage\",\"url\":\"https:\/\/cardis.se\/wp-content\/uploads\/2025\/12\/ERC-liggande.jpg\",\"contentUrl\":\"https:\/\/cardis.se\/wp-content\/uploads\/2025\/12\/ERC-liggande.jpg\",\"width\":1134,\"height\":439},{\"@type\":\"BreadcrumbList\",\"@id\":\"https:\/\/cardis.se\/?page_id=111#breadcrumb\",\"itemListElement\":[{\"@type\":\"ListItem\",\"position\":1,\"name\":\"Hem\",\"item\":\"https:\/\/cardis.se\/\"},{\"@type\":\"ListItem\",\"position\":2,\"name\":\"Nyheter\"}]},{\"@type\":\"WebSite\",\"@id\":\"https:\/\/cardis.se\/#website\",\"url\":\"https:\/\/cardis.se\/\",\"name\":\"CARDIS Studien\",\"description\":\"Vi hj\u00e4lper Hj\u00e4rtstopps\u00f6verlevare till ett b\u00e4ttre liv\",\"publisher\":{\"@id\":\"https:\/\/cardis.se\/#organization\"},\"potentialAction\":[{\"@type\":\"SearchAction\",\"target\":{\"@type\":\"EntryPoint\",\"urlTemplate\":\"https:\/\/cardis.se\/?s={search_term_string}\"},\"query-input\":{\"@type\":\"PropertyValueSpecification\",\"valueRequired\":true,\"valueName\":\"search_term_string\"}}],\"inLanguage\":\"sv-SE\"},{\"@type\":\"Organization\",\"@id\":\"https:\/\/cardis.se\/#organization\",\"name\":\"CARDIS Studien\",\"url\":\"https:\/\/cardis.se\/\",\"logo\":{\"@type\":\"ImageObject\",\"inLanguage\":\"sv-SE\",\"@id\":\"https:\/\/cardis.se\/#\/schema\/logo\/image\/\",\"url\":\"https:\/\/cardis.se\/wp-content\/uploads\/2025\/11\/Cardis-logga-bild-komprimerad-3.png\",\"contentUrl\":\"https:\/\/cardis.se\/wp-content\/uploads\/2025\/11\/Cardis-logga-bild-komprimerad-3.png\",\"width\":279,\"height\":243,\"caption\":\"CARDIS Studien\"},\"image\":{\"@id\":\"https:\/\/cardis.se\/#\/schema\/logo\/image\/\"}}]}<\/script>\n<!-- \/ Yoast SEO plugin. -->","yoast_head_json":{"title":"Nyheter - CARDIS-Studien","robots":{"index":"index","follow":"follow","max-snippet":"max-snippet:-1","max-image-preview":"max-image-preview:large","max-video-preview":"max-video-preview:-1"},"canonical":"https:\/\/cardis.se\/?page_id=111","og_locale":"sv_SE","og_type":"article","og_title":"Nyheter - CARDIS-Studien","og_description":"Oktober 2025 European Resuscitation Council Congress 2025 Studien presenterades av Annette Waldemar fr\u00e5n forskargruppen. November 2025 Pilotstudien Pilotstudien med 10 deltagare genomf\u00f6rs i Region \u00d6sterg\u00f6tland.&hellip;","og_url":"https:\/\/cardis.se\/?page_id=111","og_site_name":"CARDIS-Studien","article_modified_time":"2025-12-11T06:59:34+00:00","og_image":[{"width":1134,"height":439,"url":"https:\/\/cardis.se\/wp-content\/uploads\/2025\/12\/ERC-liggande.jpg","type":"image\/jpeg"}],"twitter_card":"summary_large_image","twitter_misc":{"Ber\u00e4knad l\u00e4stid":"1 minut"},"schema":{"@context":"https:\/\/schema.org","@graph":[{"@type":"WebPage","@id":"https:\/\/cardis.se\/?page_id=111","url":"https:\/\/cardis.se\/?page_id=111","name":"Nyheter - CARDIS-Studien","isPartOf":{"@id":"https:\/\/cardis.se\/#website"},"primaryImageOfPage":{"@id":"https:\/\/cardis.se\/?page_id=111#primaryimage"},"image":{"@id":"https:\/\/cardis.se\/?page_id=111#primaryimage"},"thumbnailUrl":"https:\/\/cardis.se\/wp-content\/uploads\/2025\/12\/ERC-liggande.jpg","datePublished":"2025-12-07T09:14:55+00:00","dateModified":"2025-12-11T06:59:34+00:00","breadcrumb":{"@id":"https:\/\/cardis.se\/?page_id=111#breadcrumb"},"inLanguage":"sv-SE","potentialAction":[{"@type":"ReadAction","target":["https:\/\/cardis.se\/?page_id=111"]}]},{"@type":"ImageObject","inLanguage":"sv-SE","@id":"https:\/\/cardis.se\/?page_id=111#primaryimage","url":"https:\/\/cardis.se\/wp-content\/uploads\/2025\/12\/ERC-liggande.jpg","contentUrl":"https:\/\/cardis.se\/wp-content\/uploads\/2025\/12\/ERC-liggande.jpg","width":1134,"height":439},{"@type":"BreadcrumbList","@id":"https:\/\/cardis.se\/?page_id=111#breadcrumb","itemListElement":[{"@type":"ListItem","position":1,"name":"Hem","item":"https:\/\/cardis.se\/"},{"@type":"ListItem","position":2,"name":"Nyheter"}]},{"@type":"WebSite","@id":"https:\/\/cardis.se\/#website","url":"https:\/\/cardis.se\/","name":"CARDIS Studien","description":"Vi hj\u00e4lper Hj\u00e4rtstopps\u00f6verlevare till ett b\u00e4ttre liv","publisher":{"@id":"https:\/\/cardis.se\/#organization"},"potentialAction":[{"@type":"SearchAction","target":{"@type":"EntryPoint","urlTemplate":"https:\/\/cardis.se\/?s={search_term_string}"},"query-input":{"@type":"PropertyValueSpecification","valueRequired":true,"valueName":"search_term_string"}}],"inLanguage":"sv-SE"},{"@type":"Organization","@id":"https:\/\/cardis.se\/#organization","name":"CARDIS Studien","url":"https:\/\/cardis.se\/","logo":{"@type":"ImageObject","inLanguage":"sv-SE","@id":"https:\/\/cardis.se\/#\/schema\/logo\/image\/","url":"https:\/\/cardis.se\/wp-content\/uploads\/2025\/11\/Cardis-logga-bild-komprimerad-3.png","contentUrl":"https:\/\/cardis.se\/wp-content\/uploads\/2025\/11\/Cardis-logga-bild-komprimerad-3.png","width":279,"height":243,"caption":"CARDIS Studien"},"image":{"@id":"https:\/\/cardis.se\/#\/schema\/logo\/image\/"}}]}},"_links":{"self":[{"href":"https:\/\/cardis.se\/index.php?rest_route=\/wp\/v2\/pages\/111","targetHints":{"allow":["GET"]}}],"collection":[{"href":"https:\/\/cardis.se\/index.php?rest_route=\/wp\/v2\/pages"}],"about":[{"href":"https:\/\/cardis.se\/index.php?rest_route=\/wp\/v2\/types\/page"}],"author":[{"embeddable":true,"href":"https:\/\/cardis.se\/index.php?rest_route=\/wp\/v2\/users\/1"}],"replies":[{"embeddable":true,"href":"https:\/\/cardis.se\/index.php?rest_route=%2Fwp%2Fv2%2Fcomments&post=111"}],"version-history":[{"count":8,"href":"https:\/\/cardis.se\/index.php?rest_route=\/wp\/v2\/pages\/111\/revisions"}],"predecessor-version":[{"id":168,"href":"https:\/\/cardis.se\/index.php?rest_route=\/wp\/v2\/pages\/111\/revisions\/168"}],"wp:attachment":[{"href":"https:\/\/cardis.se\/index.php?rest_route=%2Fwp%2Fv2%2Fmedia&parent=111"}],"curies":[{"name":"wp","href":"https:\/\/api.w.org\/{rel}","templated":true}]}}